 m be -3 - (g + 0 + -1). Suppose m = -3*y + 11 + 7. What is the units digit of y?
6
Let h(n) = 7*n**3 - 5*n**2 + 8*n + 1. Let g(m) = 6*m**3 - 5*m**2 + 7*m + 1. Let l(k) = -6*g(k) + 5*h(k). What is the units digit of l(2)?
7
Let k(f) = -14*f + 1. Let g be k(5). Let n = g + 124. Suppose 5*b - 45 = n. What is the units digit of b?
0
Suppose -8*h = -12*h - 16. Let r be (1/(-2))/(2/56). Let b = h - r. What is the tens digit of b?
1
Let b(t) = -t + 3. Let x = -25 + 17. Let n be b(x). Suppose 4*d + 0*d = 3*k + 9, n = d + k. What is the units digit of d?
6
Suppose -3*q + 97 = -2*r, 4*q + 5*r = -0*r + 137. What is the tens digit of q?
3
Suppose 14 = 2*l + 2*l + 2*s, 4*s = -4*l + 16. Suppose 25 = -3*b + 5*j, -4*b + 15 = 6*j - l*j. Suppose 4*m + b*m - 4 = 0. What is the units digit of m?
1
Suppose -2*w + 204 = 4*w. What is the units digit of w?
4
Suppose -d + 2*c = -10 - 6, 3*c = 4*d - 69. Let n be 249/27 + (-4)/d. What is the tens digit of n - -1*(2 + -1)?
1
Let y be 20/(-7)*(-14)/4. Let w be (-24)/(-20)*y/4. Suppose -94 = -5*v + 2*h, -w*h - 2*h - 28 = -v. What is the tens digit of v?
1
Let y be 56/16 - 1/2. Suppose -y*x = -7 + 19, 0 = -3*c - 2*x + 7. Suppose 18 + 32 = c*n. What is the units digit of n?
0
Let k(j) be the second derivative of -j**5/20 - 5*j**4/12 - 5*j**3/6 - 2*j**2 + 2*j. Let w be k(-4). Suppose w = 2*g - 27 + 5. What is the tens digit of g?
1
Let o(s) = 93*s**3 - s**2 - 4*s + 4. What is the tens digit of o(1)?
9
Let g(c) = -c**3 + 6*c**2 - 6*c - 4. Let d(f) = -f**3 - 6*f**2 - f - 1. Let h be d(-6). Let l be g(h). Let z = l + 17. What is the units digit of z?
8
Let z(k) be the third derivative of k**5/60 + k**4/12 + k**3/3 + 2*k**2. Suppose 3*n + 2 = 2*n. What is the units digit of z(n)?
2
Let d be 0 + 1/(-2)*2. Let q = d - -10. What is the units digit of q?
9
Let j(u) = 11*u + 5. What is the units digit of j(4)?
9
Let t(k) = 2*k. Let p be t(-1). Let u(q) = -q**3 + q - 2. Let o be u(p). Suppose -o*c - 3*g + 41 = 0, -4*g = -2*g + 10. What is the tens digit of c?
1
Let m = 26 + 66. What is the tens digit of m?
9
Let y(d) = d**3 - 5*d**2 - 5*d - 5. Let j(o) = o**3 + 8*o**2 + 5*o - 8. Let i be j(-7). What is the units digit of y(i)?
1
Let y = 42 + -40. What is the units digit of y?
2
Let b be (-5)/10 - (-15)/2. Suppose -4*i + b*i - 9 = 0. Suppose 0 = 2*u + i*u - 45. What is the units digit of u?
9
Let w(h) = h**3 - 6*h**2 + h - 3. Let i be w(6). Suppose 0 = p - 1 - i. What is the units digit of p?
4
Let b = -19 - -9. Let t = b + 20. What is the tens digit of t?
1
Let y = 249 + -148. Suppose -10 = -3*d + y. What is the tens digit of d?
3
Suppose -3*m - 20 = -8*m. Let b = m - -3. What is the units digit of b?
7
Suppose -10 = -2*b - 0. Suppose 0 = -4*d + 3*y - y + 42, -b*d = -2*y - 53. What is the units digit of d?
1
Let z be 16 + -5 + 0 + -1. What is the units digit of z - (9 - 1)/(-4)?
2
Suppose c = 4*h - 3*c - 548, -4*h + 523 = c. What is the hundreds digit of h?
1
Let p = 588 - 419. What is the hundreds digit of p?
1
Let x(a) = a**3 + 0*a**2 - 8*a + a**2 + 6 + 0*a**2 - 4*a**2. Let i be (-3)/2*20/(-6). What is the units digit of x(i)?
6
Suppose f + 2*f - 5*v - 106 = 0, 3*f = v + 110. What is the tens digit of f?
3
Suppose -16 + 4 = -3*z. Suppose v + 2*v - 6 = -4*p, 0 = -4*p - 4*v + z. What is the units digit of p?
3
Let v = -108 - -239. What is the units digit of v?
1
Suppose -6 + 14 = 2*w + 2*z, 2*w + z = 12. Suppose 0 = -4*i - 20, -a + 5*i = -18 - w. What is the units digit of (a/(-1))/((-2)/12)?
6
What is the units digit of (-2 + 3/2)*(-285 - -19)?
3
Let n = -192 + 270. What is the tens digit of n?
7
Let c = 42 - 28. Suppose -c = v - 3*v. What is the units digit of v?
7
Let w = 67 + -47. What is the units digit of w/6*(-12)/(-10)?
4
Let f = 78 - -17. Let j = -155 + f. What is the units digit of (2/5)/((-4)/j)?
6
What is the units digit of 16 - (4 - 1) - -3?
6
Suppose 2*b + 1 = 3. What is the units digit of b?
1
Suppose -3*s + 8 = s. Suppose -s*u = -34 - 4. What is the units digit of u?
9
Let s(m) = m**2 - 6*m - 10. Let j = -20 - -29. What is the tens digit of s(j)?
1
Let b be (-20)/(-6) + (-8)/(-12). Suppose b*h - 4*y - 31 - 5 = 0, -4*h + 3*y = -33. What is the units digit of h?
6
Let j = -11 - -8. Let l(u) = u**2 - 10*u - 9. Let b be l(11). What is the units digit of (-1 - j)*8/b?
8
Let u(j) = -j**3 - 4*j**2 - 9*j - 6. Let s be u(-6). Suppose -2*l + s = l. Suppose 3*a - a - l = -4*c, -c + a + 10 = 0. What is the tens digit of c?
1
Let m = -7 + 4. Let h be -98 + m + (-3)/(-3). What is the tens digit of h/(-8) - 2/4?
1
Let x be 22*(2 - 3/2). Let j(y) = -3*y + y - x + 2. What is the units digit of j(-6)?
3
Let x(r) = 0 - 2*r + 0*r + 8. Let t be x(6). What is the units digit of (t/6)/((-2)/21)?
7
Let a(j) = -5*j - 6 + j + 3*j + 4. What is the units digit of a(-7)?
5
Suppose -5*a - 41 = 64. Let v = -10 - a. Let h = v + -7. What is the units digit of h?
4
Suppose -90 = -t - 5*u + 104, 5*u + 751 = 4*t. What is the units digit of t?
9
Suppose -4*g + 238 = 2*x, 197 = 2*x + g - 32. What is the tens digit of x?
1
Let a(w) = 9*w**2 + 5*w - 1. Let d(v) = v. Let b(y) = a(y) - 3*d(y). Suppose -2 = -r - 1. What is the units digit of b(r)?
0
Let l(n) = n**2 - 5*n + 7. What is the units digit of l(-4)?
3
Let v = 0 - 0. Let w(y) = y - 6. Let z be w(5). What is the units digit of (z - -5) + v/(-1)?
4
Suppose -h + 0*w = -w, -10 = 2*h - 4*w. Let f(n) = -n**3 + 6*n**2 - 5*n + 4. Let c be f(h). What is the units digit of (c/12)/((-1)/(-15))?
5
Let r(q) = q + 10*q - 9*q. What is the units digit of r(3)?
6
Let l(s) = 7*s**2 - 8*s + 10. What is the tens digit of l(4)?
9
Let k = 0 - -3. Suppose 5*q = k*q + 6. Suppose 0 = 5*s + 5*f - 60, 62 = -0*s + 4*s - q*f. What is the tens digit of s?
1
Let r(a) be the first derivative of a**2/2 + 15*a + 1. What is the units digit of r(7)?
2
Let x be 13/(-2) - (-6)/4. Let w = x - -22. What is the tens digit of w?
1
Suppose 0 = 2*g - 3 - 1. Let c = 0 + g. Suppose -c*i + i - 3*v + 18 = 0, 4*v - 57 = -5*i. What is the units digit of i?
9
Let k(r) = -4*r + 22. What is the units digit of k(-9)?
8
Let c = 1 + -6. Let h(i) = i**3 + 5*i**2 - 4*i - 6. What is the units digit of h(c)?
4
Let m = -7 - -12. Suppose -4*d - 25 = d, -m*d = -3*v + 4. Let c = -4 - v. What is the units digit of c?
3
Suppose 0 = 5*h + 47 - 147. Let z = h + -13. What is the units digit of z?
7
Let g(z) = z + 10. Suppose 4*x = 5*x + 8. Let q be g(x). Suppose 16 = q*u + 4*n, -2*u + 0*n = 5*n - 14. What is the tens digit of u?
1
Suppose -21 = -5*t - 76. What is the units digit of (1 - (4 + -2))*t?
1
Let i be (2/(-4))/((-1)/26). Let a be (-3 - 6)/(1/(-1)*-1). What is the tens digit of i + (-4)/((-12)/a)?
1
Let l = -10 + 13. Suppose -162 = -4*y + 5*d, -4*y - d + l*d = -168. What is the tens digit of y?
4
Let o = -35 - -58. What is the tens digit of o?
2
Let d = -3 - -8. Suppose -g + 4*g + 13 = d*r, 4*r + 10 = -g. Let x = 10 + g. What is the units digit of x?
4
Suppose 44 = -4*l - 0. Let h(b) = b**3 + 10*b**2 - 13*b - 12. What is the tens digit of h(l)?
1
Let r = 3 - -1. Suppose -r*h + 0*d + 160 = -5*d, 4*d + 200 = 5*h. Let g = h + -27. What is the tens digit of g?
1
Suppose y - 3*y - 2*k - 4 = 0, -2*k = -4*y + 16. Suppose 0 = 3*r + 12, -5*x + y*r - 12 = -0. What is the units digit of ((-2)/x)/((-1)/(-2))?
1
Suppose -2*f = -m - 45, -f + 3*m + m = -40. What is the tens digit of f?
2
Suppose 2*a = -4*f + 42, 2*a = -f - 3*a + 15. Let k be (-1)/(0 - 2/f). Suppose -k*t + 0*t = -85. What is the tens digit of t?
1
Suppose 2*z = 4*v + 12, -4*z - v = -22 - 20. Let w = -7 + z. Suppose -4 = -w*c - 1. What is the units digit of c?
1
Suppose 2*b - 2 = -0. What is the units digit of (1 + 1 - b)*7?
7
Let h(b) = -4*b + 18. What is the tens digit of h(-5)?
3
Let h(t) = 14*t + 7. What is the tens digit of h(5)?
7
Let g = -102 - -171. What is the tens digit of g?
6
Let p be (-15)/(4 + -1) + -2. Let f(n) = -n**3 - 6*n**2 + 6*n - 1. What is the units digit of f(p)?
6
Let s = 4 - 1. Suppose -3 = -s*q - 0. What is the units digit of q?
1
Let v = 12 - 8. Let y be v/8 - 18/(-4). Let r = 10 - y. What is the units digit of r?
5
Suppose -9*q + 684 = -3*q. What is the hundreds digit of q?
1
Let h(g) = g**3 - 4*g**2 - 3*g + 1. Let k be 5 + 2/(-4)*0. What is the tens digit of h(k)?
1
Suppose 105 